{"id":21,"date":"2019-03-04T19:14:55","date_gmt":"2019-03-04T19:14:55","guid":{"rendered":"https:\/\/uplimphigienizacao.com.br\/site\/home-2\/"},"modified":"2020-07-27T19:11:46","modified_gmt":"2020-07-27T19:11:46","slug":"higienizacao-e-limpeza-de-sofa-sp","status":"publish","type":"page","link":"https:\/\/uplimphigienizacao.com.br\/site\/","title":{"rendered":"Higieniza\u00e7\u00e3o de Sof\u00e1 e colch\u00e3o em SP"},"content":{"rendered":"\r\n<h1>Higieniza\u00e7\u00e3o de Sof\u00e1 e colch\u00e3o em SP<\/h1>\r\n<p>Higieniza\u00e7\u00e3o de sof\u00e1 e colch\u00e3o em SP? Chame a UpLimp Higieniza\u00e7\u00e3o \u00e9 uma empresa especializada em limpeza e lavagem de sof\u00e1, colch\u00e3o e estofados em geral. Atendimento residencial e comercial em SP.\u00a0<\/p>\r\n<p>A UpLimp higieniza\u00e7\u00e3o oferece um servi\u00e7o de qualidade com o foco em higieniza\u00e7\u00e3o de estofados em geral com grande foco em sof\u00e1s, colch\u00e3o, cadeira, etc.<\/p>\r\n<p>Nosso equipe oferece atendimento r\u00e1pido e eficiente com uma equipe especializada usando materiais espec\u00edficos que higieniza seu estofado sem danos e de forma \u00e1gil.<\/p>\r\n<h2>Etapas da Higieniza\u00e7\u00e3o de sof\u00e1 e colch\u00e3o em SP<\/h2>\r\n<ul>\r\n<li>Uso e manuseio profissional de equipamentos potentes para a suc\u00e7\u00e3o de sujeiras , poeiras e outros res\u00edduos acumulados;<\/li>\r\n<li>Produtos especiais que agilizam a remo\u00e7\u00e3o de manchas sem ocasionar qualquer dano ao estofamento ou tecido;<\/li>\r\n<li>Extra\u00e7\u00e3o e Pulveriza\u00e7\u00e3o quase a seco que leva poucas horas de servi\u00e7o. Garantindo agilidade com qualidade na conclus\u00e3o do processo.<\/li>\r\n<\/ul>\r\n<p>&nbsp;<\/p>\r\n<h3>Limpeza de Sof\u00e1 em SP<\/h3>\r\n<p>A UpLimp faz a lavagem e limpeza do seu sof\u00e1 garantindo a higieniza\u00e7\u00e3o sem dano do seu estofado. Al\u00e9m de um aspecto visual, a higieniza\u00e7\u00e3o proporciona vantagens que beneficiam a sua sa\u00fade e a sa\u00fade de sua fam\u00edlia. Atendimento em toda a cidade de SP, ABC, Po\u00e1, Ferraz, Mogi, Suzano, Guarulhos.<\/p>\r\n<h3>Limpeza de colch\u00e3o em SP<\/h3>\r\n<p>Higieniza\u00e7\u00e3o e lavagem de colch\u00e3o semi\/seca, a UpLimp realiza a higieniza\u00e7\u00e3o do seu colch\u00e3o de maneira profissional e de forma r\u00e1pida. A higieniza\u00e7\u00e3o do seu colch\u00e3o \u00e9 fundamental para a sua sa\u00fade. Inegavelmente, assim como a higieniza\u00e7\u00e3o do seu sof\u00e1, ter um colch\u00e3o limpo e higienizado, proporciona in\u00fameros benef\u00edcios al\u00e9m de deix\u00e1-lo limpinho.<\/p>\r\n<p>Higieniza\u00e7\u00e3o de cadeiras e bancos comerciais<\/p>\r\n<p>Tamb\u00e9m realizamos Higieniza\u00e7\u00e3o de cadeiras, bancos e estofados comerciais em geral. Nossa equipe est\u00e1 preparada para oferecer um servi\u00e7o especializado que atendam necessidades de higieniza\u00e7\u00e3o para empresas: escrit\u00f3rios, consult\u00f3rios e qualquer ambiente comercial.<\/p>\r\n<p><a href=\"https:\/\/uplimphigienizacao.com.br\/site\/empresa-higienizacao-limpeza-de-sofas-e-colchao\/\" target=\"_blank\" rel=\"noopener noreferrer\">Saiba mais sobre a UpLimp Higieniza\u00e7\u00e3o.<\/a><\/p>\r\n<p>&nbsp;<\/p>\r\n","protected":false},"excerpt":{"rendered":"<p class=\"qua-blog-post-description\">Higieniza\u00e7\u00e3o de Sof\u00e1 e colch\u00e3o em SP Higieniza\u00e7\u00e3o de sof\u00e1 e colch\u00e3o em SP? Chame a UpLimp Higieniza\u00e7\u00e3o \u00e9 uma empresa especializada em limpeza e lavagem de sof\u00e1, colch\u00e3o e estofados em geral. Atendimento residencial e comercial em SP.\u00a0 A UpLimp higieniza\u00e7\u00e3o oferece um servi\u00e7o de qualidade com o foco em higieniza\u00e7\u00e3o de estofados em [&hellip;]<\/p>\n","protected":false},"author":1,"featured_media":0,"parent":0,"menu_order":0,"comment_status":"closed","ping_status":"closed","template":"template-business.php","meta":{"_mi_skip_tracking":false,"_monsterinsights_sitenote_active":false,"_monsterinsights_sitenote_note":"","_monsterinsights_sitenote_category":0},"_links":{"self":[{"href":"https:\/\/uplimphigienizacao.com.br\/site\/wp-json\/wp\/v2\/pages\/21"}],"collection":[{"href":"https:\/\/uplimphigienizacao.com.br\/site\/wp-json\/wp\/v2\/pages"}],"about":[{"href":"https:\/\/uplimphigienizacao.com.br\/site\/wp-json\/wp\/v2\/types\/page"}],"author":[{"embeddable":true,"href":"https:\/\/uplimphigienizacao.com.br\/site\/wp-json\/wp\/v2\/users\/1"}],"replies":[{"embeddable":true,"href":"https:\/\/uplimphigienizacao.com.br\/site\/wp-json\/wp\/v2\/comments?post=21"}],"version-history":[{"count":13,"href":"https:\/\/uplimphigienizacao.com.br\/site\/wp-json\/wp\/v2\/pages\/21\/revisions"}],"predecessor-version":[{"id":215,"href":"https:\/\/uplimphigienizacao.com.br\/site\/wp-json\/wp\/v2\/pages\/21\/revisions\/215"}],"wp:attachment":[{"href":"https:\/\/uplimphigienizacao.com.br\/site\/wp-json\/wp\/v2\/media?parent=21"}],"curies":[{"name":"wp","href":"https:\/\/api.w.org\/{rel}","templated":true}]}}